{"id":794,"date":"2026-02-03T10:46:46","date_gmt":"2026-02-03T09:46:46","guid":{"rendered":"https:\/\/ateliersaintamour.fr\/?page_id=794"},"modified":"2026-02-19T17:10:29","modified_gmt":"2026-02-19T16:10:29","slug":"apropos","status":"publish","type":"page","link":"https:\/\/ateliersaintamour.fr\/?page_id=794","title":{"rendered":"\u00c0 propos"},"content":{"rendered":"\t\t<div data-elementor-type=\"wp-page\" data-elementor-id=\"794\" class=\"elementor elementor-794\">\n\t\t\t\t\t\t<section class=\"elementor-section elementor-top-section elementor-element elementor-element-20a373d elementor-section-boxed elementor-section-height-default elementor-section-height-default\" data-id=\"20a373d\" data-element_type=\"section\" data-e-type=\"section\" data-settings=\"{&quot;background_background&quot;:&quot;classic&quot;}\">\n\t\t\t\t\t\t\t<div class=\"elementor-background-overlay\"><\/div>\n\t\t\t\t\t\t\t<div class=\"elementor-container elementor-column-gap-no\">\n\t\t\t\t\t<div class=\"elementor-column elementor-col-100 elementor-top-column elementor-element elementor-element-a88311e\" data-id=\"a88311e\" data-element_type=\"column\" data-e-type=\"column\">\n\t\t\t<div class=\"elementor-widget-wrap elementor-element-populated\">\n\t\t\t\t\t\t<div class=\"elementor-element elementor-element-3c483fd elementor-widget elementor-widget-heading\" data-id=\"3c483fd\" data-element_type=\"widget\" data-e-type=\"widget\" data-widget_type=\"heading.default\">\n\t\t\t\t<div class=\"elementor-widget-container\">\n\t\t\t\t\t<h1 class=\"elementor-heading-title elementor-size-default\">\u00c0 propos<\/h1>\t\t\t\t<\/div>\n\t\t\t\t<\/div>\n\t\t\t\t\t<\/div>\n\t\t<\/div>\n\t\t\t\t\t<\/div>\n\t\t<\/section>\n\t\t\t\t<section class=\"elementor-section elementor-top-section elementor-element elementor-element-22d914e elementor-section-boxed elementor-section-height-default elementor-section-height-default\" data-id=\"22d914e\" data-element_type=\"section\" data-e-type=\"section\">\n\t\t\t\t\t\t<div class=\"elementor-container elementor-column-gap-no\">\n\t\t\t\t\t<div class=\"elementor-column elementor-col-50 elementor-top-column elementor-element elementor-element-f61ea8f\" data-id=\"f61ea8f\" data-element_type=\"column\" data-e-type=\"column\" data-settings=\"{&quot;background_background&quot;:&quot;classic&quot;}\">\n\t\t\t<div class=\"elementor-widget-wrap elementor-element-populated\">\n\t\t\t\t\t\t<div class=\"elementor-element elementor-element-4081a5a elementor-widget elementor-widget-spacer\" data-id=\"4081a5a\" data-element_type=\"widget\" data-e-type=\"widget\" data-widget_type=\"spacer.default\">\n\t\t\t\t<div class=\"elementor-widget-container\">\n\t\t\t\t\t\t\t<div class=\"elementor-spacer\">\n\t\t\t<div class=\"elementor-spacer-inner\"><\/div>\n\t\t<\/div>\n\t\t\t\t\t\t<\/div>\n\t\t\t\t<\/div>\n\t\t\t\t\t<\/div>\n\t\t<\/div>\n\t\t\t\t<div class=\"elementor-column elementor-col-50 elementor-top-column elementor-element elementor-element-dc8e361\" data-id=\"dc8e361\" data-element_type=\"column\" data-e-type=\"column\">\n\t\t\t<div class=\"elementor-widget-wrap elementor-element-populated\">\n\t\t\t\t\t\t<div class=\"elementor-element elementor-element-f263075 elementor-widget elementor-widget-heading\" data-id=\"f263075\" data-element_type=\"widget\" data-e-type=\"widget\" data-widget_type=\"heading.default\">\n\t\t\t\t<div class=\"elementor-widget-container\">\n\t\t\t\t\t<h6 class=\"elementor-heading-title elementor-size-default\">Mon parcours<\/h6>\t\t\t\t<\/div>\n\t\t\t\t<\/div>\n\t\t\t\t<div class=\"elementor-element elementor-element-f83770d elementor-widget elementor-widget-text-editor\" data-id=\"f83770d\" data-element_type=\"widget\" data-e-type=\"widget\" data-widget_type=\"text-editor.default\">\n\t\t\t\t<div class=\"elementor-widget-container\">\n\t\t\t\t\t\t\t\t\t<p>Form\u00e9e aux Beaux-Arts, \u00e0 l\u2019\u00e9cole Estienne et \u00e0 l\u2019\u00e9cole Boulle, j\u2019ai construit mon parcours \u00e0 la crois\u00e9e du design, de la direction artistique et de la sc\u00e9nographie. Apr\u00e8s plusieurs ann\u00e9es dans l\u2019univers du luxe et de la culture, notamment au sein du groupe LVMH, j\u2019ai choisi de me mettre au service des projets qui me touchent profond\u00e9ment.<\/p><p>Je crois en une cr\u00e9ation guid\u00e9e par l\u2019intuition, la beaut\u00e9 et la justesse. Mon approche repose sur l\u2019\u00e9coute, la collaboration et une exigence esth\u00e9tique qui prend racine dans l\u2019artisanat et les savoir-faire.<\/p><p>J\u2019imagine la cr\u00e9ation comme un dialogue entre l\u2019instinct, l\u2019esth\u00e9tique et le sens. Mon approche se tisse dans l\u2019\u00e9change, la finesse du regard, et le respect des gestes justes, ceux nourris par l\u2019artisanat, les mati\u00e8res, et le temps.<\/p><p>Aujourd\u2019hui bas\u00e9e \u00e0 Lyon, et entour\u00e9e de pr\u00e9cieux partenaires, j\u2019accompagne les marques, les artistes, les maisons, les jeunes talents et les institutions\u2026 \u00e0 r\u00e9v\u00e9ler leur singularit\u00e9 \u00e0 travers une direction artistique sensible, des projets visuels sur-mesure, et des espaces d\u2019accompagnement pour retrouver clart\u00e9 et \u00e9nergie.<\/p><p>Camille Peter, designer et directrice artistique.<\/p>\t\t\t\t\t\t\t\t<\/div>\n\t\t\t\t<\/div>\n\t\t\t\t<div class=\"elementor-element elementor-element-8ab2660 elementor-widget elementor-widget-text-editor\" data-id=\"8ab2660\" data-element_type=\"widget\" data-e-type=\"widget\" data-widget_type=\"text-editor.default\">\n\t\t\t\t<div class=\"elementor-widget-container\">\n\t\t\t\t\t\t\t\t\t<p>Suivez-nous sur <a href=\"https:\/\/www.instagram.com\/saintamour.atelier\/\">instagram<\/a> pour suivre nos derni\u00e8res aventures !<\/p>\t\t\t\t\t\t\t\t<\/div>\n\t\t\t\t<\/div>\n\t\t\t\t\t<\/div>\n\t\t<\/div>\n\t\t\t\t\t<\/div>\n\t\t<\/section>\n\t\t\t\t<\/div>\n\t\t","protected":false},"excerpt":{"rendered":"<p>\u00c0 propos Mon parcours Form\u00e9e aux Beaux-Arts, \u00e0 l\u2019\u00e9cole Estienne et \u00e0 l\u2019\u00e9cole Boulle, j\u2019ai construit mon parcours \u00e0 la crois\u00e9e du design, de la direction artistique et de la sc\u00e9nographie. Apr\u00e8s plusieurs ann\u00e9es dans l\u2019univers du luxe et de la culture, notamment au sein du groupe LVMH, j\u2019ai choisi de me mettre au service [&hellip;]<\/p>\n","protected":false},"author":1,"featured_media":0,"parent":0,"menu_order":0,"comment_status":"closed","ping_status":"closed","template":"","meta":{"om_disable_all_campaigns":false,"_monsterinsights_skip_tracking":false,"_monsterinsights_sitenote_active":false,"_monsterinsights_sitenote_note":"","_monsterinsights_sitenote_category":0,"site-sidebar-layout":"no-sidebar","site-content-layout":"page-builder","ast-site-content-layout":"full-width-container","site-content-style":"unboxed","site-sidebar-style":"unboxed","ast-global-header-display":"","ast-banner-title-visibility":"","ast-main-header-display":"","ast-hfb-above-header-display":"","ast-hfb-below-header-display":"","ast-hfb-mobile-header-display":"","site-post-title":"disabled","ast-breadcrumbs-content":"","ast-featured-img":"disabled","footer-sml-layout":"","ast-disable-related-posts":"","theme-transparent-header-meta":"disabled","adv-header-id-meta":"","stick-header-meta":"","header-above-stick-meta":"","header-main-stick-meta":"","header-below-stick-meta":"","astra-migrate-meta-layouts":"set","ast-page-background-enabled":"default","ast-page-background-meta":{"desktop":{"background-color":"var(--ast-global-color-4)","background-image":"","background-repeat":"repeat","background-position":"center center","background-size":"auto","background-attachment":"scroll","background-type":"","background-media":"","overlay-type":"","overlay-color":"","overlay-opacity":"","overlay-gradient":""},"tablet":{"background-color":"","background-image":"","background-repeat":"repeat","background-position":"center center","background-size":"auto","background-attachment":"scroll","background-type":"","background-media":"","overlay-type":"","overlay-color":"","overlay-opacity":"","overlay-gradient":""},"mobile":{"background-color":"","background-image":"","background-repeat":"repeat","background-position":"center center","background-size":"auto","background-attachment":"scroll","background-type":"","background-media":"","overlay-type":"","overlay-color":"","overlay-opacity":"","overlay-gradient":""}},"ast-content-background-meta":{"desktop":{"background-color":"var(--ast-global-color-5)","background-image":"","background-repeat":"repeat","background-position":"center center","background-size":"auto","background-attachment":"scroll","background-type":"","background-media":"","overlay-type":"","overlay-color":"","overlay-opacity":"","overlay-gradient":""},"tablet":{"background-color":"var(--ast-global-color-5)","background-image":"","background-repeat":"repeat","background-position":"center center","background-size":"auto","background-attachment":"scroll","background-type":"","background-media":"","overlay-type":"","overlay-color":"","overlay-opacity":"","overlay-gradient":""},"mobile":{"background-color":"var(--ast-global-color-5)","background-image":"","background-repeat":"repeat","background-position":"center center","background-size":"auto","background-attachment":"scroll","background-type":"","background-media":"","overlay-type":"","overlay-color":"","overlay-opacity":"","overlay-gradient":""}},"footnotes":""},"class_list":["post-794","page","type-page","status-publish","hentry"],"aioseo_notices":[],"yoast_head":"<!-- This site is optimized with the Yoast SEO plugin v27.0 - https:\/\/yoast.com\/product\/yoast-seo-wordpress\/ -->\n<title>\u00c0 propos - ateliersaintamour.fr<\/title>\n<meta name=\"description\" content=\"Design floral &amp; Graphique - D\u00e9cor &amp; Sc\u00e9nographie - Mariage &amp; \u00c9v\u00e9nement - Herbier - Location de d\u00e9coration - Atelier\" \/>\n<meta name=\"robots\" content=\"index, follow, max-snippet:-1, max-image-preview:large, max-video-preview:-1\" \/>\n<link rel=\"canonical\" href=\"https:\/\/ateliersaintamour.fr\/?page_id=794\" \/>\n<meta property=\"og:locale\" content=\"fr_FR\" \/>\n<meta property=\"og:type\" content=\"article\" \/>\n<meta property=\"og:title\" content=\"\u00c0 propos - ateliersaintamour.fr\" \/>\n<meta property=\"og:description\" content=\"Design floral &amp; Graphique - D\u00e9cor &amp; Sc\u00e9nographie - Mariage &amp; \u00c9v\u00e9nement - Herbier - Location de d\u00e9coration - Atelier\" \/>\n<meta property=\"og:url\" content=\"https:\/\/ateliersaintamour.fr\/?page_id=794\" \/>\n<meta property=\"og:site_name\" content=\"ateliersaintamour.fr\" \/>\n<meta property=\"article:modified_time\" content=\"2026-02-19T16:10:29+00:00\" \/>\n<meta name=\"twitter:card\" content=\"summary_large_image\" \/>\n<meta name=\"twitter:label1\" content=\"Dur\u00e9e de lecture estim\u00e9e\" \/>\n\t<meta name=\"twitter:data1\" content=\"1 minute\" \/>\n<script type=\"application\/ld+json\" class=\"yoast-schema-graph\">{\"@context\":\"https:\/\/schema.org\",\"@graph\":[{\"@type\":\"WebPage\",\"@id\":\"https:\/\/ateliersaintamour.fr\/?page_id=794\",\"url\":\"https:\/\/ateliersaintamour.fr\/?page_id=794\",\"name\":\"\u00c0 propos - ateliersaintamour.fr\",\"isPartOf\":{\"@id\":\"https:\/\/ateliersaintamour.fr\/#website\"},\"datePublished\":\"2026-02-03T09:46:46+00:00\",\"dateModified\":\"2026-02-19T16:10:29+00:00\",\"description\":\"Design floral & Graphique - D\u00e9cor & Sc\u00e9nographie - Mariage & \u00c9v\u00e9nement - Herbier - Location de d\u00e9coration - Atelier\",\"breadcrumb\":{\"@id\":\"https:\/\/ateliersaintamour.fr\/?page_id=794#breadcrumb\"},\"inLanguage\":\"fr-FR\",\"potentialAction\":[{\"@type\":\"ReadAction\",\"target\":[\"https:\/\/ateliersaintamour.fr\/?page_id=794\"]}]},{\"@type\":\"BreadcrumbList\",\"@id\":\"https:\/\/ateliersaintamour.fr\/?page_id=794#breadcrumb\",\"itemListElement\":[{\"@type\":\"ListItem\",\"position\":1,\"name\":\"Accueil\",\"item\":\"https:\/\/ateliersaintamour.fr\/\"},{\"@type\":\"ListItem\",\"position\":2,\"name\":\"\u00c0 propos\"}]},{\"@type\":\"WebSite\",\"@id\":\"https:\/\/ateliersaintamour.fr\/#website\",\"url\":\"https:\/\/ateliersaintamour.fr\/\",\"name\":\"ateliersaintamour.fr\",\"description\":\"\",\"publisher\":{\"@id\":\"https:\/\/ateliersaintamour.fr\/#organization\"},\"potentialAction\":[{\"@type\":\"SearchAction\",\"target\":{\"@type\":\"EntryPoint\",\"urlTemplate\":\"https:\/\/ateliersaintamour.fr\/?s={search_term_string}\"},\"query-input\":{\"@type\":\"PropertyValueSpecification\",\"valueRequired\":true,\"valueName\":\"search_term_string\"}}],\"inLanguage\":\"fr-FR\"},{\"@type\":\"Organization\",\"@id\":\"https:\/\/ateliersaintamour.fr\/#organization\",\"name\":\"ateliersaintamour.fr\",\"url\":\"https:\/\/ateliersaintamour.fr\/\",\"logo\":{\"@type\":\"ImageObject\",\"inLanguage\":\"fr-FR\",\"@id\":\"https:\/\/ateliersaintamour.fr\/#\/schema\/logo\/image\/\",\"url\":\"https:\/\/ateliersaintamour.fr\/wp-content\/uploads\/2026\/02\/logo-principal.svg\",\"contentUrl\":\"https:\/\/ateliersaintamour.fr\/wp-content\/uploads\/2026\/02\/logo-principal.svg\",\"width\":841,\"height\":163,\"caption\":\"ateliersaintamour.fr\"},\"image\":{\"@id\":\"https:\/\/ateliersaintamour.fr\/#\/schema\/logo\/image\/\"}}]}<\/script>\n<!-- \/ Yoast SEO plugin. -->","yoast_head_json":{"title":"\u00c0 propos - ateliersaintamour.fr","description":"Design floral & Graphique - D\u00e9cor & Sc\u00e9nographie - Mariage & \u00c9v\u00e9nement - Herbier - Location de d\u00e9coration - Atelier","robots":{"index":"index","follow":"follow","max-snippet":"max-snippet:-1","max-image-preview":"max-image-preview:large","max-video-preview":"max-video-preview:-1"},"canonical":"https:\/\/ateliersaintamour.fr\/?page_id=794","og_locale":"fr_FR","og_type":"article","og_title":"\u00c0 propos - ateliersaintamour.fr","og_description":"Design floral & Graphique - D\u00e9cor & Sc\u00e9nographie - Mariage & \u00c9v\u00e9nement - Herbier - Location de d\u00e9coration - Atelier","og_url":"https:\/\/ateliersaintamour.fr\/?page_id=794","og_site_name":"ateliersaintamour.fr","article_modified_time":"2026-02-19T16:10:29+00:00","twitter_card":"summary_large_image","twitter_misc":{"Dur\u00e9e de lecture estim\u00e9e":"1 minute"},"schema":{"@context":"https:\/\/schema.org","@graph":[{"@type":"WebPage","@id":"https:\/\/ateliersaintamour.fr\/?page_id=794","url":"https:\/\/ateliersaintamour.fr\/?page_id=794","name":"\u00c0 propos - ateliersaintamour.fr","isPartOf":{"@id":"https:\/\/ateliersaintamour.fr\/#website"},"datePublished":"2026-02-03T09:46:46+00:00","dateModified":"2026-02-19T16:10:29+00:00","description":"Design floral & Graphique - D\u00e9cor & Sc\u00e9nographie - Mariage & \u00c9v\u00e9nement - Herbier - Location de d\u00e9coration - Atelier","breadcrumb":{"@id":"https:\/\/ateliersaintamour.fr\/?page_id=794#breadcrumb"},"inLanguage":"fr-FR","potentialAction":[{"@type":"ReadAction","target":["https:\/\/ateliersaintamour.fr\/?page_id=794"]}]},{"@type":"BreadcrumbList","@id":"https:\/\/ateliersaintamour.fr\/?page_id=794#breadcrumb","itemListElement":[{"@type":"ListItem","position":1,"name":"Accueil","item":"https:\/\/ateliersaintamour.fr\/"},{"@type":"ListItem","position":2,"name":"\u00c0 propos"}]},{"@type":"WebSite","@id":"https:\/\/ateliersaintamour.fr\/#website","url":"https:\/\/ateliersaintamour.fr\/","name":"ateliersaintamour.fr","description":"","publisher":{"@id":"https:\/\/ateliersaintamour.fr\/#organization"},"potentialAction":[{"@type":"SearchAction","target":{"@type":"EntryPoint","urlTemplate":"https:\/\/ateliersaintamour.fr\/?s={search_term_string}"},"query-input":{"@type":"PropertyValueSpecification","valueRequired":true,"valueName":"search_term_string"}}],"inLanguage":"fr-FR"},{"@type":"Organization","@id":"https:\/\/ateliersaintamour.fr\/#organization","name":"ateliersaintamour.fr","url":"https:\/\/ateliersaintamour.fr\/","logo":{"@type":"ImageObject","inLanguage":"fr-FR","@id":"https:\/\/ateliersaintamour.fr\/#\/schema\/logo\/image\/","url":"https:\/\/ateliersaintamour.fr\/wp-content\/uploads\/2026\/02\/logo-principal.svg","contentUrl":"https:\/\/ateliersaintamour.fr\/wp-content\/uploads\/2026\/02\/logo-principal.svg","width":841,"height":163,"caption":"ateliersaintamour.fr"},"image":{"@id":"https:\/\/ateliersaintamour.fr\/#\/schema\/logo\/image\/"}}]}},"_links":{"self":[{"href":"https:\/\/ateliersaintamour.fr\/index.php?rest_route=\/wp\/v2\/pages\/794","targetHints":{"allow":["GET"]}}],"collection":[{"href":"https:\/\/ateliersaintamour.fr\/index.php?rest_route=\/wp\/v2\/pages"}],"about":[{"href":"https:\/\/ateliersaintamour.fr\/index.php?rest_route=\/wp\/v2\/types\/page"}],"author":[{"embeddable":true,"href":"https:\/\/ateliersaintamour.fr\/index.php?rest_route=\/wp\/v2\/users\/1"}],"replies":[{"embeddable":true,"href":"https:\/\/ateliersaintamour.fr\/index.php?rest_route=%2Fwp%2Fv2%2Fcomments&post=794"}],"version-history":[{"count":43,"href":"https:\/\/ateliersaintamour.fr\/index.php?rest_route=\/wp\/v2\/pages\/794\/revisions"}],"predecessor-version":[{"id":986,"href":"https:\/\/ateliersaintamour.fr\/index.php?rest_route=\/wp\/v2\/pages\/794\/revisions\/986"}],"wp:attachment":[{"href":"https:\/\/ateliersaintamour.fr\/index.php?rest_route=%2Fwp%2Fv2%2Fmedia&parent=794"}],"curies":[{"name":"wp","href":"https:\/\/api.w.org\/{rel}","templated":true}]}}